{"id":113,"date":"2022-07-25T10:17:40","date_gmt":"2022-07-25T08:17:40","guid":{"rendered":"https:\/\/mpobielsk.pl\/bip\/?page_id=113"},"modified":"2024-10-20T21:11:48","modified_gmt":"2024-10-20T19:11:48","slug":"obowiazek-informacyjny-dostep-do-informacji-publicznej","status":"publish","type":"page","link":"https:\/\/mpobielsk.pl\/bip\/obowiazek-informacyjny-dostep-do-informacji-publicznej\/","title":{"rendered":"Obowi\u0105zek informacyjny \u2013  dost\u0119p do informacji publicznej"},"content":{"rendered":"<p>&nbsp;<\/p>\n<p>Zgodnie z art. 13 Rozporz\u0105dzenia Parlamentu Europejskiego i Rady (UE) 2016\/679 z dnia\u00a0 27 kwietnia 2016 r. w sprawie\u00a0 ochrony\u00a0 os\u00f3b\u00a0 fizycznych\u00a0 w\u00a0 zwi\u0105zku\u00a0 z\u00a0 przetwarzaniem\u00a0 danych\u00a0 osobowych\u00a0 i\u00a0 w\u00a0 sprawie\u00a0 swobodnego przep\u0142ywu takich danych oraz uchylenia dyrektywy 95\/46\/WE Administrator informuje, i\u017c:<\/p>\n<ol>\n<li>Administratorem przekazanych\u00a0 danych\u00a0 osobowych \u00a0jest Miejskie Przedsi\u0119biorstwo Oczyszczania Sp. z o. o. z siedzib\u0105:17-100 Bielsk Podlaski ul. Studziwodzka 37, NIP: 5432187976 REGON: 384652788, dalej zwana \u201eAdministratorem\u201d.<\/li>\n<li>Administrator wyznaczy\u0142 Inspektora Ochrony Danych Osobowych, z kt\u00f3rym mo\u017cna kontaktowa\u0107 si\u0119 pod adresem email: <a href=\"mailto:iod.r.andrzejewski@szkoleniaprawnicze.com.pl\">r.andrzejewski@szkoleniaprawnicze.com.pl<\/a>; tel. 504\u00a0976\u00a0690.<\/li>\n<li>Pa\u0144stwa dane b\u0119dziemy przetwarza\u0107 w celach:\n<ol>\n<li>Zwi\u0105zanych dost\u0119pem do informacji publicznej; udost\u0119pnianiem i przekazywaniem informacji publicznej (realizacji wniosku, w tym udzielanie odpowiedzi na wnioski, wydawanie decyzji administracyjnych) na podstawie art. 6 ust. 1 lit. c RODO w zw. z ustaw\u0105 z dnia 6 wrze\u015bnia 2001 r. o dost\u0119pie do informacji publicznej (Dz.U.2020.2176 t.j. z dnia 2020.12.07 z p\u00f3\u017an. zm.); ustaw\u0105 z dnia 14 czerwca 1960 r. Kodeks post\u0119powania administracyjnego.<\/li>\n<li>archiwalnych, kontrolnych w szczeg\u00f3lno\u015bci w celu realizacji obowi\u0105zku prawnego spoczywaj\u0105cego na administratorze zgodnie z ustaw\u0105 o narodowym zasobie archiwalnym i archiwach, na podstawie art. 6 ust. 1 lit. c RODO;<\/li>\n<li>realizacji prawnie uzasadnionego interesu administratora, kt\u00f3rym jest zapewnienie bezpiecze\u0144stwa danych przetwarzanych w systemach informatycznych, na podstawie art. 6 ust. 1 lit. f RODO.<\/li>\n<\/ol>\n<\/li>\n<li>Informacja o odbiorcach danych osobowych, odbiorcami Pani\/Pana danych osobowych mog\u0105 by\u0107:\n<ol>\n<li>organy w\u0142adzy publicznej oraz podmioty wykonuj\u0105ce zadania publiczne lub dzia\u0142aj\u0105ce na zlecenie organ\u00f3w w\u0142adzy publicznej, w zakresie i w celach, kt\u00f3re wynikaj\u0105 z przepis\u00f3w powszechnie obowi\u0105zuj\u0105cego prawa;<\/li>\n<li>inne podmioty, kt\u00f3re na podstawie stosownych um\u00f3w podpisanych z Administratorem lub w oparciu o inny instrument prawny przetwarzaj\u0105 dane osobowe na zlecenie Administratora, chodzi g\u0142\u00f3wnie o obs\u0142ug\u0119 z zakresu ochrony danych osobowych, IT, informatyczn\u0105, z zakresu niszczenia dokument\u00f3w; hostingow\u0105 (hosting skrzynki e-mail);<\/li>\n<li>inni odbiorcy, kt\u00f3rym s\u0105 udost\u0119pnianie dane osobowe: obs\u0142uga prawna.<\/li>\n<\/ol>\n<\/li>\n<li>Okres przez kt\u00f3ry Pa\u0144stwa dane osobowe b\u0119d\u0105 przechowywane<br \/>\nB\u0119dziemy przechowywa\u0107 Pa\u0144stwa dane osobowe do chwili za\u0142atwienia sprawy, w kt\u00f3rej zosta\u0142y one zebrane\/zako\u0144czenia postepowania odwo\u0142awczego \u2013\u00a0 o ile przepisy prawa przewiduj\u0105 taki tryb, a nast\u0119pnie w celach archiwalnych\/kontrolnych \u2013 przez okres zgodny z przepisami ustawy o narodowym zasobie archiwalnym i archiwach oraz wydanych na jej podstawie aktach wykonawczych oraz naszym Jednolitym Rzeczowym Wykazem Akt.<\/li>\n<li><strong>Informujemy<\/strong>, i\u017c maj\u0105 Pa\u0144stwo prawo do:\n<ol>\n<li>na podstawie art. 15 RODO prawo dost\u0119pu do danych osobowych Pani\/Pana dotycz\u0105cych, w tym prawo do uzyskania kopii danych;<\/li>\n<li>na podstawie art. 16 RODO prawo do \u017c\u0105dania sprostowania (poprawienia) danych osobowych;<\/li>\n<li>prawo do usuni\u0119cia danych \u2013 przys\u0142uguje w ramach przes\u0142anek i na warunkach okre\u015blonych w art. 17 RODO, tj. w przypadku gdy:\n<ul>\n<li>dane nie s\u0105 ju\u017c niezb\u0119dne do cel\u00f3w, dla kt\u00f3rych by\u0142y zebrane lub w inny spos\u00f3b przetwarzane,<\/li>\n<li>osoba, kt\u00f3rej dane dotycz\u0105, wnios\u0142a sprzeciw wobec przetwarzania danych osobowych,<\/li>\n<li>osoba, kt\u00f3rej dane dotycz\u0105 wycofa\u0142a zgod\u0119 na przetwarzanie danych osobowych, kt\u00f3ra jest podstaw\u0105 przetwarzania danych i nie ma innej podstawy prawnej przetwarzania danych,<\/li>\n<li>dane osobowe przetwarzane s\u0105 niezgodnie z prawem,<\/li>\n<li>dane osobowe musz\u0105 by\u0107 usuni\u0119te w celu wywi\u0105zania si\u0119 z obowi\u0105zku wynikaj\u0105cego z przepis\u00f3w prawa;<\/li>\n<\/ul>\n<\/li>\n<li>prawo ograniczenia przetwarzania \u2013 przys\u0142uguje w ramach przes\u0142anek i na warunkach okre\u015blonych w art. 18 RODO, tj. przypadku, gdy:\n<ul>\n<li>osoba, kt\u00f3rej dane dotycz\u0105 kwestionuje prawid\u0142owo\u015b\u0107 danych osobowych,<\/li>\n<li>przetwarzanie danych jest niezgodne z prawem, a osoba, kt\u00f3rej dane dotycz\u0105, sprzeciwia si\u0119 usuni\u0119ciu danych, \u017c\u0105daj\u0105c w zamian ich ograniczenia,<\/li>\n<li>Administrator nie potrzebuje ju\u017c danych dla swoich cel\u00f3w, ale osoba, kt\u00f3rej dane dotycz\u0105, potrzebuje ich do ustalenia, obrony lub dochodzenia roszcze\u0144,<\/li>\n<li>osoba, kt\u00f3rej dane dotycz\u0105, wnios\u0142a sprzeciw wobec przetwarzania danych, do czasu ustalenia czy prawnie uzasadnione podstawy po stronie administratora s\u0105 nadrz\u0119dne wobec podstawy sprzeciwu;<\/li>\n<\/ul>\n<\/li>\n<li>prawo wniesienia sprzeciwu wobec przetwarzania \u2013 przys\u0142uguje w ramach przes\u0142anek i na warunkach okre\u015blonych w art. 21 RODO,<\/li>\n<li>prawo wniesienia skargi do organu nadzorczego (Prezes Urz\u0119du Ochrony Danych Osobowych).<\/li>\n<\/ol>\n<\/li>\n<li>Pa\u0144stwa dane osobowe <strong>nie podlegaj\u0105<\/strong> zautomatyzowanemu podejmowaniu decyzji, w tym profilowaniu.<\/li>\n<li>Podanie danych osobowych jest dobrowolne, jednak odmowa podania danych, w sytuacjach okre\u015blonych przepisami prawa, mo\u017ce uniemo\u017cliwi\u0107 realizacj\u0119 wniosku o udost\u0119pnienie informacji publicznej.<\/li>\n<\/ol>\n<p><strong>Tutaj dowie si\u0119 Pan\/Pani wi\u0119cej na temat prawa do wniesienia sprzeciwu wobec przetwarzania danych:<\/strong><\/p>\n<p>Sprzeciw przys\u0142uguje wobec przetwarzania przez Administratora danych w prawnie uzasadnionych celach Administratora (czyli na podstawie art. 6 ust. 1 lit. f RODO) z przyczyn zwi\u0105zanych z Pani\/Pana szczeg\u00f3ln\u0105 sytuacj\u0105. Powinna\/-ien Pani\/Pan wtedy wskaza\u0107 nam szczeg\u00f3ln\u0105 sytuacj\u0119, kt\u00f3ra Pani\/Pana zdaniem uzasadnia zaprzestanie przez nas przetwarzania obj\u0119tego sprzeciwem. Przestaniemy przetwarza\u0107 Pani\/Pana dane w tych celach, chyba \u017ce wyka\u017cemy, \u017ce istniej\u0105 wa\u017cne, prawnie uzasadnione podstawy do przetwarzania, nadrz\u0119dne wobec Pani\/Pana interes\u00f3w, praw i wolno\u015bci lub te\u017c \u017ce Pani\/Pana dane s\u0105 nam niezb\u0119dne do ustalenia, dochodzenia lub obrony roszcze\u0144. Je\u017celi zgodnie z ocen\u0105 Administratora Pani\/Pana interesy b\u0119d\u0105 wa\u017cniejsze od interes\u00f3w Administratora b\u0119dzie on zobowi\u0105zany zaprzesta\u0107 przetwarzania Pani\/Pana danych osobowych w tych celach.<\/p>\n<p>&nbsp;<\/p>\n","protected":false},"excerpt":{"rendered":"<p>&nbsp; Zgodnie z art. 13 Rozporz\u0105dzenia Parlamentu Europejskiego i Rady (UE) 2016\/679 z dnia\u00a0 27 kwietnia 2016 r. w sprawie\u00a0 ochrony\u00a0 os\u00f3b\u00a0 fizycznych\u00a0 w\u00a0 zwi\u0105zku\u00a0 z\u00a0 przetwarzaniem\u00a0 danych\u00a0 osobowych\u00a0 i\u00a0 w\u00a0 sprawie\u00a0 swobodnego przep\u0142ywu takich danych oraz uchylenia dyrektywy 95\/46\/WE Administrator informuje, i\u017c: Administratorem przekazanych\u00a0 danych\u00a0 osobowych \u00a0jest Miejskie Przedsi\u0119biorstwo Oczyszczania Sp. z o. o. &hellip; <a href=\"https:\/\/mpobielsk.pl\/bip\/obowiazek-informacyjny-dostep-do-informacji-publicznej\/\" class=\"more-link\">Czytaj dalej <span class=\"screen-reader-text\">Obowi\u0105zek informacyjny \u2013  dost\u0119p do informacji publicznej<\/span><\/a><\/p>\n","protected":false},"author":1,"featured_media":0,"parent":0,"menu_order":9,"comment_status":"closed","ping_status":"closed","template":"","meta":{"footnotes":""},"class_list":["post-113","page","type-page","status-publish","hentry"],"_links":{"self":[{"href":"https:\/\/mpobielsk.pl\/bip\/wp-json\/wp\/v2\/pages\/113","targetHints":{"allow":["GET"]}}],"collection":[{"href":"https:\/\/mpobielsk.pl\/bip\/wp-json\/wp\/v2\/pages"}],"about":[{"href":"https:\/\/mpobielsk.pl\/bip\/wp-json\/wp\/v2\/types\/page"}],"author":[{"embeddable":true,"href":"https:\/\/mpobielsk.pl\/bip\/wp-json\/wp\/v2\/users\/1"}],"replies":[{"embeddable":true,"href":"https:\/\/mpobielsk.pl\/bip\/wp-json\/wp\/v2\/comments?post=113"}],"version-history":[{"count":4,"href":"https:\/\/mpobielsk.pl\/bip\/wp-json\/wp\/v2\/pages\/113\/revisions"}],"predecessor-version":[{"id":268,"href":"https:\/\/mpobielsk.pl\/bip\/wp-json\/wp\/v2\/pages\/113\/revisions\/268"}],"wp:attachment":[{"href":"https:\/\/mpobielsk.pl\/bip\/wp-json\/wp\/v2\/media?parent=113"}],"curies":[{"name":"wp","href":"https:\/\/api.w.org\/{rel}","templated":true}]}}

Obowiązek informacyjny –  dostęp do informacji publicznej

<p>&nbsp;</p>
<p>Zgodnie z art. 13 Rozporządzenia Parlamentu Europejskiego i Rady (UE) 2016/679 z dnia  27 kwietnia 2016 r. w sprawie  ochrony  osób  fizycznych  w  związku  z  przetwarzaniem  danych  osobowych  i  w  sprawie  swobodnego przepływu takich danych oraz uchylenia dyrektywy 95/46/WE Administrator informuje, iż:</p>
<ol>
<li>Administratorem przekazanych  danych  osobowych  jest Miejskie Przedsiębiorstwo Oczyszczania Sp. z o. o. z siedzibą:17-100 Bielsk Podlaski ul. Studziwodzka 37, NIP: 5432187976 REGON: 384652788, dalej zwana „Administratorem”.</li>
<li>Administrator wyznaczył Inspektora Ochrony Danych Osobowych, z którym można kontaktować się pod adresem email: <a href="mailto:iod.r.andrzejewski@szkoleniaprawnicze.com.pl">r.andrzejewski@szkoleniaprawnicze.com.pl</a>; tel. 504 976 690.</li>
<li>Państwa dane będziemy przetwarzać w celach:
<ol>
<li>Związanych dostępem do informacji publicznej; udostępnianiem i przekazywaniem informacji publicznej (realizacji wniosku, w tym udzielanie odpowiedzi na wnioski, wydawanie decyzji administracyjnych) na podstawie art. 6 ust. 1 lit. c RODO w zw. z ustawą z dnia 6 września 2001 r. o dostępie do informacji publicznej (Dz.U.2020.2176 t.j. z dnia 2020.12.07 z późn. zm.); ustawą z dnia 14 czerwca 1960 r. Kodeks postępowania administracyjnego.</li>
<li>archiwalnych, kontrolnych w szczególności w celu realizacji obowiązku prawnego spoczywającego na administratorze zgodnie z ustawą o narodowym zasobie archiwalnym i archiwach, na podstawie art. 6 ust. 1 lit. c RODO;</li>
<li>realizacji prawnie uzasadnionego interesu administratora, którym jest zapewnienie bezpieczeństwa danych przetwarzanych w systemach informatycznych, na podstawie art. 6 ust. 1 lit. f RODO.</li>
</ol>
</li>
<li>Informacja o odbiorcach danych osobowych, odbiorcami Pani/Pana danych osobowych mogą być:
<ol>
<li>organy władzy publicznej oraz podmioty wykonujące zadania publiczne lub działające na zlecenie organów władzy publicznej, w zakresie i w celach, które wynikają z przepisów powszechnie obowiązującego prawa;</li>
<li>inne podmioty, które na podstawie stosownych umów podpisanych z Administratorem lub w oparciu o inny instrument prawny przetwarzają dane osobowe na zlecenie Administratora, chodzi głównie o obsługę z zakresu ochrony danych osobowych, IT, informatyczną, z zakresu niszczenia dokumentów; hostingową (hosting skrzynki e-mail);</li>
<li>inni odbiorcy, którym są udostępnianie dane osobowe: obsługa prawna.</li>
</ol>
</li>
<li>Okres przez który Państwa dane osobowe będą przechowywane<br />
Będziemy przechowywać Państwa dane osobowe do chwili załatwienia sprawy, w której zostały one zebrane/zakończenia postepowania odwoławczego –  o ile przepisy prawa przewidują taki tryb, a następnie w celach archiwalnych/kontrolnych – przez okres zgodny z przepisami ustawy o narodowym zasobie archiwalnym i archiwach oraz wydanych na jej podstawie aktach wykonawczych oraz naszym Jednolitym Rzeczowym Wykazem Akt.</li>
<li><strong>Informujemy</strong>, iż mają Państwo prawo do:
<ol>
<li>na podstawie art. 15 RODO prawo dostępu do danych osobowych Pani/Pana dotyczących, w tym prawo do uzyskania kopii danych;</li>
<li>na podstawie art. 16 RODO prawo do żądania sprostowania (poprawienia) danych osobowych;</li>
<li>prawo do usunięcia danych – przysługuje w ramach przesłanek i na warunkach określonych w art. 17 RODO, tj. w przypadku gdy:
<ul>
<li>dane nie są już niezbędne do celów, dla których były zebrane lub w inny sposób przetwarzane,</li>
<li>osoba, której dane dotyczą, wniosła sprzeciw wobec przetwarzania danych osobowych,</li>
<li>osoba, której dane dotyczą wycofała zgodę na przetwarzanie danych osobowych, która jest podstawą przetwarzania danych i nie ma innej podstawy prawnej przetwarzania danych,</li>
<li>dane osobowe przetwarzane są niezgodnie z prawem,</li>
<li>dane osobowe muszą być usunięte w celu wywiązania się z obowiązku wynikającego z przepisów prawa;</li>
</ul>
</li>
<li>prawo ograniczenia przetwarzania – przysługuje w ramach przesłanek i na warunkach określonych w art. 18 RODO, tj. przypadku, gdy:
<ul>
<li>osoba, której dane dotyczą kwestionuje prawidłowość danych osobowych,</li>
<li>przetwarzanie danych jest niezgodne z prawem, a osoba, której dane dotyczą, sprzeciwia się usunięciu danych, żądając w zamian ich ograniczenia,</li>
<li>Administrator nie potrzebuje już danych dla swoich celów, ale osoba, której dane dotyczą, potrzebuje ich do ustalenia, obrony lub dochodzenia roszczeń,</li>
<li>osoba, której dane dotyczą, wniosła sprzeciw wobec przetwarzania danych, do czasu ustalenia czy prawnie uzasadnione podstawy po stronie administratora są nadrzędne wobec podstawy sprzeciwu;</li>
</ul>
</li>
<li>prawo wniesienia sprzeciwu wobec przetwarzania – przysługuje w ramach przesłanek i na warunkach określonych w art. 21 RODO,</li>
<li>prawo wniesienia skargi do organu nadzorczego (Prezes Urzędu Ochrony Danych Osobowych).</li>
</ol>
</li>
<li>Państwa dane osobowe <strong>nie podlegają</strong> zautomatyzowanemu podejmowaniu decyzji, w tym profilowaniu.</li>
<li>Podanie danych osobowych jest dobrowolne, jednak odmowa podania danych, w sytuacjach określonych przepisami prawa, może uniemożliwić realizację wniosku o udostępnienie informacji publicznej.</li>
</ol>
<p><strong>Tutaj dowie się Pan/Pani więcej na temat prawa do wniesienia sprzeciwu wobec przetwarzania danych:</strong></p>
<p>Sprzeciw przysługuje wobec przetwarzania przez Administratora danych w prawnie uzasadnionych celach Administratora (czyli na podstawie art. 6 ust. 1 lit. f RODO) z przyczyn związanych z Pani/Pana szczególną sytuacją. Powinna/-ien Pani/Pan wtedy wskazać nam szczególną sytuację, która Pani/Pana zdaniem uzasadnia zaprzestanie przez nas przetwarzania objętego sprzeciwem. Przestaniemy przetwarzać Pani/Pana dane w tych celach, chyba że wykażemy, że istnieją ważne, prawnie uzasadnione podstawy do przetwarzania, nadrzędne wobec Pani/Pana interesów, praw i wolności lub też że Pani/Pana dane są nam niezbędne do ustalenia, dochodzenia lub obrony roszczeń. Jeżeli zgodnie z oceną Administratora Pani/Pana interesy będą ważniejsze od interesów Administratora będzie on zobowiązany zaprzestać przetwarzania Pani/Pana danych osobowych w tych celach.</p>
<p>&nbsp;</p>

<p>&nbsp; Zgodnie z art. 13 Rozporządzenia Parlamentu Europejskiego i Rady (UE) 2016/679 z dnia  27 kwietnia 2016 r. w sprawie  ochrony  osób  fizycznych  w  związku  z  przetwarzaniem  danych  osobowych  i  w  sprawie  swobodnego przepływu takich danych oraz uchylenia dyrektywy 95/46/WE Administrator informuje, iż: Administratorem przekazanych  danych  osobowych  jest Miejskie Przedsiębiorstwo Oczyszczania Sp. z o. o. &hellip; <a href="https://mpobielsk.pl/bip/obowiazek-informacyjny-dostep-do-informacji-publicznej/" class="more-link">Czytaj dalej <span class="screen-reader-text">Obowiązek informacyjny –  dostęp do informacji publicznej</span></a></p>
